m - r. What is the units digit of j?
2
Let m be (-38 - 34)*73/(-3). Let c = m - 784. What is the tens digit of c?
6
Let r = -977 - -1892. Suppose -4*f - r = -3*o + 1270, -4*f - 4 = 0. What is the hundreds digit of o?
7
Let b = -7157 - -10962. What is the hundreds digit of b?
8
Let b = 38694 + 19956. What is the units digit of b?
0
Let r(m) = -2*m + 24. Let u be r(11). Suppose 4 = u*i + 2*i. Let s(y) = 51*y**3 + y**2 - 3*y + 1. What is the units digit of s(i)?
0
Let r(w) = 21*w - 2*w**3 + 3*w**3 - 39 - 25*w**2 + 12*w. What is the units digit of r(24)?
7
Suppose -5*d - 7 = -32. Suppose d*k - x = 412 + 634, 0 = 4*k - 3*x - 839. What is the units digit of k?
9
Let c be 3/(1/5 + 4/10). Suppose 15*b = c*b + 630. What is the tens digit of b?
6
Suppose 0 = -3*i + 2*q + 5 + 23, -4*q + 4 = 0. Let c(d) = -d**3 + 11*d**2 - 2*d - 7. What is the tens digit of c(i)?
7
Let j be (-35895)/(-30) + -3*(-3)/6. Suppose 0 = -3*k - 9, 1850 = 4*y - 4*k - j. What is the units digit of y?
9
Suppose 0 = 17*v - 6859 + 484. Let n = -37 + v. What is the hundreds digit of n?
3
Let b(z) = z + 7. Let k be b(-3). Suppose -9 - 11 = -k*n. Suppose -n = m - 5*j, 2*m - 4*j = 6*m - 52. What is the tens digit of m?
1
Let x(r) = 4*r - 124. Let i(f) = -1. Let y(q) = -2*i(q) - x(q). What is the tens digit of y(-7)?
5
Suppose 3*j + 4*k - 120052 = 0, 15*k = 4*j + 17*k - 160046. What is the tens digit of j?
0
Suppose 5*i - 2400 = -5*g, 0 = -2*i + 5*g + 165 + 767. Suppose -2*w + 9*w = i. What is the units digit of w?
8
Suppose -4*k + 2*k + 724 = 4*h, -5*k + 4*h = -1866. Let n = 518 - k. Let w = -82 + n. What is the tens digit of w?
6
Suppose 0 = 83*v - 84*v + 5. Suppose -v*q = 5*q - 2570. What is the hundreds digit of q?
2
Suppose -6*u + u + 10 = 0. Suppose 92*l - 180 = 2*l. Suppose -3*g + 461 = l*j, 5*g - 805 = -u*j + 6*j. What is the hundreds digit of g?
1
What is the thousands digit of (-1481)/((1757/294 + -6)*2)?
1
Let u = 647 + 664. Suppose -24*a + 21*a + u = 0. What is the tens digit of a?
3
Suppose 11*m - 5 = 10*m. Suppose -m*a = -151 + 51. What is the units digit of a?
0
Suppose 2417 + 2047 = 3*g + 3*s, -s + 4476 = 3*g. What is the hundreds digit of g?
4
Let x(r) be the second derivative of -r**5/20 - r**4 - 8*r**3/3 - 3*r**2/2 - r. Let s be x(-10). Let i = -33 - s. What is the tens digit of i?
1
Suppose u = -4*a + 2*u + 15, -4*a + 2*u + 14 = 0. Suppose -3*y - y = a. What is the units digit of (-12)/(-12) - 55/y?
6
Suppose -491*h - 211380 - 121170 = -516*h. What is the hundreds digit of h?
3
Suppose 0 = -2*l - 3*m + 5, 0*l - l = -2*m - 13. Suppose -j + 26 = 2*s, 20 = s + 3*s. Suppose -l - j = -t. What is the tens digit of t?
2
Let i = 16 + -11. Suppose -4*h + v = 2*v - 17, 3*h - i*v + 16 = 0. Suppose z - h*w - 182 = -w, 194 = z + 4*w. What is the hundreds digit of z?
1
Let x = 576 - 1937. Let y = x - -1990. What is the tens digit of y?
2
Let y(p) = 5*p**3 - 14*p**2 - 5*p + 26. Let t be y(6). Let h = t + -186. What is the units digit of h?
6
Suppose 6*s - 1958 = -5*b + 2*s, 3*b + 4*s = 1170. Suppose -o + 2*o - b = 4*f, o - 434 = -4*f. What is the hundreds digit of o?
4
Let h be 1497/(9 - 6)*(-10)/(-1). Suppose 12*q = -h + 16618. What is the tens digit of q?
6
Let t(y) = 258*y - 98*y - 34 - 48 + 16. What is the thousands digit of t(7)?
1
Let k = -95 - -98. What is the tens digit of (692/(-6))/(k + 99/(-27))?
7
Let w(x) be the first derivative of -x**4/2 + x**3/3 - x**2/2 - 2*x + 16. Let o be w(-1). Suppose -r = o*r - 210. What is the units digit of r?
0
Let g(h) = 3*h**3 + 34*h**2 - 32*h - 32. Let v(p) = -8*p**3 - 100*p**2 + 97*p + 96. Let s(b) = -11*g(b) - 4*v(b). What is the hundreds digit of s(23)?
7
What is the tens digit of 5/((-10)/(-4)) - (-18800)/2?
0
Suppose 3*m + 0*m - 5*b = 26057, 2*b - 60745 = -7*m. What is the thousands digit of m?
8
What is the hundreds digit of (-654)/(589/37 - 16)?
0
What is the tens digit of 2/(-12) - (-15 - (-482283)/(-54))?
4
Suppose 1813686 = 22*j - 23*j + 32*j. What is the units digit of j?
6
Suppose 436725 + 461018 = 131*t. What is the units digit of t?
3
Let w be 3098/5 + (-52)/(-130). Let l = w - 367. What is the units digit of l?
3
Suppose -126363 = -57*d - 17721. What is the units digit of d?
6
Let v(h) = 6*h**2 - 134*h + 640. What is the tens digit of v(-84)?
3
Let h(w) = 8*w**3 - 6*w**2 + 5*w - 14. Let n(q) = 9*q - 23. Let g be n(3). What is the hundreds digit of h(g)?
4
Suppose 6031 = 5*u - 24749. Suppose 20*j - j + u = 0. Let v = 499 + j. What is the tens digit of v?
7
Suppose 5*b - 7149 = d - 20216, -2*d = 4*b - 26176. What is the thousands digit of d?
3
Let b = 778 + 3765. What is the tens digit of b?
4
Let l be -1*30/(-50)*10/(-3). What is the units digit of 132/(-176) - l/(8/3203)?
0
Let m = 3125 + -1343. Suppose 2*p - m = -2*l, -3*p + 4*l = -0*l - 2680. What is the hundreds digit of p?
8
Let b(c) = -124*c - 884. Let r be b(-6). Let n(k) = 13*k**2 + k - 1. Let o be n(-5). Let g = o + r. What is the tens digit of g?
7
Let j(w) = -w**3 - 12*w**2 + 28*w + 67. Let i be j(-16). Let l = i - -602. What is the hundreds digit of l?
2
Let u = 128 - 5. Suppose -u = -q - 29. What is the tens digit of 0 + q - 36/18?
9
Let b(i) = 86*i**2 + 89*i + 134. Let x be b(-2). Suppose 0*p - 2*p = -934. Let v = p - x. What is the units digit of v?
7
Let f(a) = a**2 + a + 1. Let r = -27 + -14. Let v = r - -44. What is the units digit of f(v)?
3
Suppose 14*c - 16297 = 24866 + 19695. What is the units digit of c?
7
Let k = -27157 - -66531. What is the ten thousands digit of k?
3
Let m(i) = 8*i**3 - 2*i**2 - 10*i + 20. What is the units digit of m(3)?
8
Let u = 30 - -12. Let i = 24 - u. Let v = i + 52. What is the units digit of v?
4
What is the thousands digit of 2940880/96 - (0 - (6 + 74/(-12)))?
0
Let b be (1/(-2)*-5)/((-2)/(-4)). Suppose 2*c - 40 = -b*k + 15, 46 = 2*c - 4*k. Suppose v + c = 121. What is the units digit of v?
6
What is the units digit of 4238*(3 + (-11)/(-11))?
2
Let v = 46 + -44. What is the tens digit of v - -2 - (-21 - 1290)?
1
Suppose 0 = -6*n + 4*n - 132. Let a = 70 + n. Suppose 4*x + x - 10 = 0, -a*i + 396 = -4*x. What is the tens digit of i?
0
Let m(i) = -908*i + 11940. What is the units digit of m(0)?
0
Suppose 0 = -3*o + k + 7499, 5*o = -12*k + 10*k + 12480. What is the tens digit of o?
9
Let x = -480 - 42. Let d = x - -759. What is the units digit of d?
7
Suppose -x - 3*x + 2*i = -12, -2*x + 2*i + 6 = 0. Suppose -5*g + 108 - x = 0. What is the tens digit of g?
2
Suppose 4*o = o - 3*l - 27, -o + 9 = -5*l. Let k(x) = -86*x - 2. Let b(d) = 258*d + 7. Let f(w) = o*b(w) - 17*k(w). What is the tens digit of f(-2)?
6
Suppose 2*c + 8 = 0, 5*a - 2*a + 11 = c. Let y = 9 + a. What is the hundreds digit of (4/5)/(4248/1060 - y)?
1
Let v be 3/(11 + -5 + -5). What is the units digit of 383 + v/(24/32)?
7
Let c(k) = -35*k + 69. Let b(f) = -33*f + 70. Let o(d) = -6*b(d) + 5*c(d). What is the units digit of o(5)?
0
Let p(b) = -2*b**3 + b**2 - b. Let a be p(1). Let l be 24/3*a/(-8). Suppose -352 = -4*r - 2*u, -4*u + 76 = l*r - 106. What is the tens digit of r?
8
Suppose -2221 = -7*v + 76214. What is the tens digit of v?
0
Let k = -14 + 38. Let w be k/((-12)/(-7) - 9/6). Suppose 2*v - w - 114 = 0. What is the tens digit of v?
1
Let i(w) = -3*w + 5. Let x be i(-6). Let q = x - 16. Suppose -4*l = -q*l + 303. What is the tens digit of l?
0
Suppose -779*k = -474*k - 21683365. What is the units digit of k?
3
Suppose 13*r + 475 = 7014. Let d = r + 790. What is the tens digit of d?
9
Let k be 2243 + (9 - 5) - -4. Suppose -4*v + k = -1577. What is the units digit of v?
7
Let j(h) = -h**3 + 48*h**2 - 44*h - 22. Let q be j(47). Suppose 23*i - q = 18028. What is the hundreds digit of i?
7
Let u(q) = 8*q**2 - 3*q + 21. Let j be u(5). Let w = j + -135. What is the units digit of w?
1
Suppose 71*k + 1796806 = 117*k. What is the tens digit of k?
6
Let m = -386 - -390. Let z(p) = 330*p + 34. What is the hundreds digit of z(m)?
3
Let d(p) = -p**2 + 11*p - 12. Let r be d(7). Suppose -r*t + 847 - 31 = 0. What is the tens digit of t?
5
Suppose -403*k + 5437339 + 8395895 = -64*k. What is the units digit of k?
6
Suppose 2*v - 44903 = -23158 + 57469. What is the tens digit of v?
0
Suppose -4*f = -5*n + 1329 + 2027, f + 2698 = 4*n. What is the tens digit of n?
7
Let y be 